- 3 - 2*t. Let i(c) = -c**2 - 19*c - 2. Let m be i(-19). Determine d(m).
-9
Let x = 100 + -94. Suppose -3*q = -3*g + 12 + 6, 3*g - x = 0. Let u(y) be the first derivative of y**3/3 + 3*y**2/2 - 4*y + 2. Give u(q).
0
Let h(o) = 2*o**3 + 6*o**2 + 6*o - 12. Let j(u) = -8*u**3 - 24*u**2 - 26*u + 50. Let k(m) = -9*h(m) - 2*j(m). What is k(-4)?
48
Let o = -6 + -4. Let x(u) = 0*u + 31*u + u**2 - 19*u + 8. Give x(o).
-12
Let i be (1/(-3))/(2/(-24)). Let b(m) be the third derivative of -m**6/120 + m**5/12 - m**4/12 - 5*m**3/6 - 229*m**2. Determine b(i).
3
Let r(l) be the third derivative of l**5/15 + l**3/6 + 2*l**2 - 13*l. Let g = -2 + 3. Let p = -2 + g. Give r(p).
5
Let y = -3 + 5. Let m = 57 + -32. Let s(o) = 12*o + 1 + 12*o - m*o - 7*o**y - 3*o**2. Give s(1).
-10
Let x(o) = 2*o**3 + 9*o**2 - 5*o + 4. Let v = 284 + -289. What is x(v)?
4
Let q(n) = -5*n + 72 + 2*n - 110 - 5*n + 36. Calculate q(-2).
14
Let m(g) be the third derivative of -g**5/30 + g**4/8 + g**3/2 + g**2. Suppose i + 30 = 4*p, 0 = -3*p - 0*i - 4*i + 13. Suppose z + p = 10. What is m(z)?
-6
Suppose 18*r - 8*r = 690. Let z(i) = -9*i**3 - r + 147 - 77. What is z(-1)?
10
Let w(y) be the third derivative of y**6/120 + y**5/12 - 7*y**4/24 + y**3/3 - y**2. Let i be (-1876)/308 + (-1)/(-11). Calculate w(i).
8
Let o = 8 - 5. Suppose -o*a + 0 - 9 = 0, 0 = 4*q + 3*a + 9. Let u = q + -4. Let l(d) = d + 8. Determine l(u).
4
Let f(y) = -y**3 + 17*y**2 + 20*y - 23. Suppose 4*h + 4*q - 44 = 28, 0 = -q. Give f(h).
13
Let s(f) = -f**3 + 9*f**2 + 10*f - 2. Suppose -25*t + 370 = 12*t. Calculate s(t).
-2
Let f(i) = 4*i - 18*i + 3 + 16*i. Let m = -5 + 2. Calculate f(m).
-3
Let m(d) = 2*d - 8. Suppose -133 = -11*j - 56. Give m(j).
6
Let a be -1*(0/3 - -2). Suppose -11*q + 8*q + 9 = 0. Let o(k) = -7 - 7 + k**2 + q*k + 28 - 12. Determine o(a).
0
Let w(b) be the first derivative of b**4/4 + 4*b**3 + 6*b**2 - 3*b - 281. Determine w(-11).
-14
Let u(l) = -4*l + 6*l**2 + 0*l**2 - 7*l**2. Let r be -1 + (-1 + 2 - 4). Determine u(r).
0
Suppose 4*c = -p + 2, 0*p - 3*c - 33 = -5*p. Let y be -4 + p + -3 + 3. Let k(w) = y*w + w - 2*w - 2 + 0*w. Calculate k(-5).
-7
Suppose -3*b - 5 = 5*k, -5*b + b = -4*k + 28. Let d(r) = 13*r**2 + k*r - 3*r + 1 + 3*r. Let n = -84 - -83. What is d(n)?
12
Let t(h) be the third derivative of h**5/60 + h**4/8 + 7*h**3/6 - 375*h**2. Determine t(5).
47
Let i(q) be the first derivative of -q**3/3 + 2*q**2 + 7*q + 6. Let x(b) be the third derivative of b**4/12 - 2*b**3 - 3*b**2. Let p be x(9). Calculate i(p).
-5
Suppose 4*q - 6*q + 14 = 0. Let f(z) = 7*z**2 - 14*z + 7. Let a(o) = 10*o**2 - 21*o + 11. Let l(v) = q*f(v) - 5*a(v). Let b be -2 - (-5 + (-2 - -1)). Give l(b).
6
Let u(g) be the first derivative of -g**2/2 - 4*g + 667. Suppose -14 = -5*q + 6. Suppose 2*p - p - 4 = -5*m, q*p - 3*m + 30 = 0. Determine u(p).
2
Let t(u) be the third derivative of u**6/120 - u**5/15 - 11*u**4/24 + 2*u**3/3 + 494*u**2. What is t(6)?
10
Suppose -u + 74 = -3*s, 2*s + 2*u + 48 = 3*u. Let d(o) = -o**3 + 5*o**2 + 2*o - 1. Let i be d(4). Let g = i + s. Let h(q) = q**2 + 4*q + 2. Calculate h(g).
-1
Let n = 102 + -95. Let h(b) = -b**2 - 2*b + 8. Let w(q) = -2*q**2 - 4*q + 15. Let m(t) = n*h(t) - 4*w(t). Calculate m(-4).
4
Let m(t) = 3*t. Let a(g) = 4*g - 5. Let o be a(2). Suppose -o*h - 16 = -7. Give m(h).
-9
Let j(l) = -l**3 + 4*l**2 + 2*l - 4. Suppose -q = -5*n + 10, -3*q = 2*n + 3*n - 30. What is j(q)?
-19
Let p(l) be the second derivative of -l**3/6 + l**2 + l - 39. Calculate p(5).
-3
Let d(a) = -a**2 - 8*a - 3. Let g(y) = y - 51. Let r be g(-13). Let v = r - -58. Determine d(v).
9
Suppose 0 = -77*f + 82*f + 35. Let i(y) = -y**2 - 9*y - 6. Determine i(f).
8
Let y = -2349 + 2350. Let t(d) = -37*d**3 - 2*d**2 + 2*d - 1. What is t(y)?
-38
Let z(i) = -i - 3. Suppose 3*k - 4*v = 2*k + 8, -k - 4*v = 0. Let h = 3 - -1. Suppose 4*m - h = -5*a + 2, -k*a = 2*m. Determine z(a).
-1
Let v(f) = -f**3 + 3*f**2 + 2*f. Suppose -49 = -3*n + 2*q, 5*q = 6*q + 2. Suppose 4*m - 5*m = -12. Let l = n - m. Give v(l).
6
Suppose 5*p - 2*p = y, y + 3 = 0. Let v(q) = 13*q**2 + 1. Give v(p).
14
Suppose s - 6*u + 3*u + 15 = 0, s + u + 7 = 0. Let o(d) = 3*d + 3. What is o(s)?
-24
Let n(o) = 2*o + 3. Let i = 24 - 24. Let h be n(i). Let v(b) = b**2 - 4*b + 4. Let z(g) = -g**2 + 7*g - 7. Let j(s) = h*z(s) + 5*v(s). Calculate j(2).
9
Let x(m) be the second derivative of -m**4/12 + m**3/6 - m**2/2 + 85*m. Let u be (-1)/(-1) - (-3 - 1). What is x(u)?
-21
Let i(s) be the second derivative of s**3/6 - s**2/2 + 4*s. Let z(x) = -12*x + 14. Let c(a) = -22*i(a) - 2*z(a). What is c(7)?
8
Let u be (182/(-195) + (-3)/(-5))*-6. Let t(i) = -u - 9*i + 8*i + 1. Determine t(-4).
3
Suppose -3*h + 3*r + 34 = -r, h = -4*r - 10. Let o(b) = -b**2 + 7*b. What is o(h)?
6
Suppose 2*n + 6 = -3*u, 2 = 4*n + 5*u - 6*u. Let k(p) = -10*p**2 + 3*p**3 - 4*p**3 + 2*p + 7 + n*p**3 - 10*p. What is k(-9)?
-2
Let j(s) = -13*s**2 - 40*s - 53. Let k(t) = -3*t**2 - 10*t - 14. Let b(n) = -2*j(n) + 9*k(n). Determine b(-7).
1
Let i(u) = -8187*u + 0 - u**2 + 9 + 8191*u - 3. What is i(8)?
-26
Let h(m) = 3*m. Let x(l) = -33*l - 9. Let u(c) = -9*h(c) - x(c). Give u(-4).
-15
Let o(r) = -r - 16. Let u = 438 + -447. What is o(u)?
-7
Let k(d) = 6*d**2 + 2*d + 1. Suppose x - 2 = f, -11*x + 6*x = 4*f - 1. Determine k(f).
5
Let b(u) = 2*u**3 - 3*u**2 - 3*u + 1. Let q be b(2). Let w be 12/4 - 2/(-1). Let d(j) = 2 - 2 - w*j**2. What is d(q)?
-5
Let v(g) = 2*g**2 - 122*g + 233. Let a be v(59). Let u(s) = -1 + 2 + 5*s - 2 - 2*s. Determine u(a).
-10
Let w(u) = -u**2 - u + 1. Suppose 2*a = -0 + 8. Let k be ((-12)/8)/((-6)/a). Let h be -5 + 7 - (k + -1). Determine w(h).
-5
Let n(d) be the first derivative of -85*d**2 - 7 - 9 + 84*d**2 + 4*d. Suppose 0 = -2*i - 5*c + 19, 0 = -2*i + 4*c + c - 31. What is n(i)?
10
Let n(p) be the second derivative of -p**3/6 + 18*p. What is n(-2)?
2
Let i(r) = -r**2 + 4*r. Let w = -270 - -272. Determine i(w).
4
Let n(u) = 6*u - 1. Let y(s) = -s + 16. Suppose 2*h + h - 33 = 0. Let j be y(h). Suppose -2*q + 5 = j*i, -2*q + 5*q - 13 = -2*i. Give n(i).
-7
Let a(h) = -5192*h**2 - h**3 + 3 + 3*h**3 + 2595*h**2 + 2596*h**2 - h. Give a(2).
13
Let w be -7 - -10 - (-1)/(-1). Suppose 2 = 5*z - u - 7, -3*z - 5*u - 17 = 0. Let c(t) = t**3 - z - t**2 + 0*t**2 - w + t. What is c(0)?
-3
Let l(f) be the first derivative of -f**4/6 - f**3/6 - 11*f**2 + 8. Let q(w) be the second derivative of l(w). What is q(-3)?
11
Let i(r) be the second derivative of r**2 - 5/6*r**3 + 0 + 1/12*r**4 + 45*r. Calculate i(5).
2
Let b(r) be the third derivative of 0 + 0*r + 1/24*r**4 - 30*r**2 + 0*r**3. Give b(2).
2
Let j(d) = 4*d + 4. Let g be j(-2). Let m(y) = -3*y + 6. Let h(u) = 2*u - 5. Let w(s) = g*h(s) - 3*m(s). What is w(5)?
7
Let a(j) be the third derivative of j**5/40 - j**4/4 - 10*j**3/3 - 24*j**2. Let h(t) be the first derivative of a(t). Determine h(4).
6
Let k(c) be the third derivative of c**5/60 + 11*c**4/24 - c**3/2 + 36*c**2 - 2. Give k(-9).
-21
Let x(l) be the first derivative of l**5/60 - 3*l**4/8 + 5*l**3/6 - 7*l**2 - 50. Let k(z) be the second derivative of x(z). Determine k(9).
5
Let n(a) be the first derivative of a**2/2 + 21*a + 94. What is n(-12)?
9
Suppose 4*j + 2 = -3*g - 6, -3*g + 2 = 2*j. Let p(f) = -f - 2. What is p(g)?
-6
Let j be 2/(6/(-135)*-5). Suppose -9*g + 12*g - j = 0. Let w(i) = 2*i**2 + 2*i + 3. What is w(g)?
27
Let f = -161 - -145. Let l be f/(-12)*-2 - (-4)/(-12). Let d(o) be the third derivative of o**5/30 + o**4/6 + o**3/6 - o**2. Determine d(l).
7
Let p(q) = 8*q - 9. Let o(z) = 5*z - 4. Let k(f) = -9*o(f) + 4*p(f). Calculate k(2).
-26
Let y(a) = -13*a - 10. Let t(j) = -23*j - 19. Let l(h) = 4*t(h) - 7*y(h). Determine l(-9).
3
Let n(a) = 5*a**2 - 6*a - 1. Let i(l) = 4*l**2 - 5*l - 2. Let o be (-1 - 14/(-8))*4. Let x(g) = o*i(g) - 2*n(g). Give x(3).
5
Suppose 0 = 2*n - 8 + 2. Suppose 2 = -t, n*j + 5*t + 4 = j. Let f(c) = -c**2 + 2*c + 3. Give f(j).
0
Let h(g) = g**2 + 4*g - 8. Let f be (1 + (-4)/(-6))/((-5)/(-6)). Let i be h(f). Let u(p) = -p + 9. Calculate u(i).
5
Let o(z) = -z**2 - z + 3. Let w = -104 + 107. Give o(w).
-9
Let b(f) = 3*f**2 - 9*f + 2. Let j(q) = 7*q**2 - 18*q + 5. Let g(y) = 9*b(y) - 4*j(y). Give g(-7).
12
Let f = 2 + 6. Suppose 30 = -f*u - 18. Let h